 What is the hundreds digit of w?
4
Let m(y) = 181*y + 181. What is the tens digit of m(11)?
7
Suppose -4*g = -4*p + 36, 3*p = g - 3 + 22. Let w = 0 - -56. Suppose -w = -3*z - p. What is the tens digit of z?
1
Suppose -g + 0 = -2*q + 4, g = -4*q + 8. Suppose 5*d = 10, -3*d + g*d + 26 = 4*y. Suppose 2*k + 30 + 19 = v, 0 = -y*v - 2*k + 209. What is the units digit of v?
3
Let v = 22 - 17. Suppose j + v = 6*j. What is the units digit of j?
1
Let c = -17 + 19. What is the units digit of (-1 - -2)/(c/114)?
7
Suppose 110*g - 19450 = 105*g. What is the tens digit of g?
9
Suppose -4*c + 367 = -3*u, 309 = -4*u - 2*c - 173. Let z = u + 171. What is the units digit of z?
0
Let l = 14 - 14. Suppose -3*m - 4*m + 14 = l. Suppose -3*x + 86 = -2*a, -3*x - m*x = a - 165. What is the tens digit of x?
3
Suppose 2184 = 52*w - 38*w. What is the units digit of w?
6
Let y be ((-806)/(-52))/((-2)/(-24)). Suppose -y + 126 = -5*u. What is the tens digit of u?
1
Let t(i) = i**2 - i + 2. Suppose 2*b = b + 4. What is the units digit of t(b)?
4
Let a = 118 - 24. Let b = 148 - a. What is the units digit of b?
4
What is the hundreds digit of 31263/27 + 3/27?
1
Let j = 2798 + -1353. What is the hundreds digit of j?
4
Let r(k) = -2*k + 1 + 2*k - k. Let u = -8 + 1. What is the units digit of r(u)?
8
Let v(a) = -a**2 + 9*a - 7. Let k be v(8). Let z(i) = 0*i + 0*i + 6*i - 4*i + k. What is the tens digit of z(5)?
1
Suppose -c = 6*c + 77. What is the units digit of (3117/(-99) + 2/c)*-3?
5
Let d(h) = -4*h**2 + 2*h - 1. Let z be d(1). Let i be (-15 - -17)/((-2)/z). What is the units digit of (19 - 2)*(-2 + i)?
7
Suppose 0 = -9*w + 14*w - 1245. Suppose 2*u - 489 = -2*u + 3*d, 2*u - w = 3*d. What is the tens digit of u?
2
What is the hundreds digit of (3904/40)/((-4)/(-90))?
1
Let p(h) = -23*h + h**2 + 454 + 20*h - 166. Let n be p(0). Suppose -3*z - z - 4*f + n = 0, -z + 3*f + 52 = 0. What is the units digit of z?
7
Suppose -5*w - 2 = -12. Let h be w/(-7) + (-960)/(-28). Suppose -4*f + h + 6 = 0. What is the tens digit of f?
1
Suppose t + 2*p = -4*t - 2, -5*p - 5 = -t. Suppose 0 = 3*r - 5*k - 20 - 11, t = 4*r + 2*k + 2. Suppose r*g - 7*g = -145. What is the units digit of g?
9
Let q(b) = -21*b - 10. Let o be q(-5). Suppose -4*v + o + 17 = 0. What is the units digit of v?
8
Suppose 0 = 9*r + r - 5790. What is the tens digit of r?
7
Suppose 9*u + 1487 = 6698. What is the tens digit of u?
7
Let u be 22/14 - (-9)/21. Suppose -a + u = -2. Suppose y - 4*j = 24 - 9, -5*j - 93 = -a*y. What is the units digit of y?
7
Let q(y) = -y**3 + y**2 - y + 153. Suppose 4*z + 4*s - 8 - 4 = 0, z = -3*s + 9. What is the tens digit of q(z)?
5
What is the thousands digit of (39985/(-33))/(2/12*-2)?
3
Let v(u) = 2*u**2 - 10*u - 4. Let f be v(6). Let o = f - -42. Suppose 2*i + 2*g = o, 5*i - 4*g - 160 = -2*g. What is the tens digit of i?
3
Suppose r - 67 = o - 0*o, 2*r - 130 = -2*o. What is the tens digit of ((-24)/18)/((-2)/r) + -2?
4
Let y = -2782 - -3948. What is the tens digit of y?
6
Let x(z) = -3*z**2 - 2*z - 13. Let p(g) = g**2 + g + 6. Let j(i) = 5*p(i) + 2*x(i). Let c be j(0). Suppose 0 = 5*f - c*f - 22. What is the units digit of f?
2
Let x = -2528 + 5242. What is the thousands digit of x?
2
Let n(f) = -f**3 + 24*f**2 - 45*f + 22. Let r be n(22). Suppose r = 5*b - 297 - 223. What is the tens digit of b?
0
Let f be 4/4 + (-1 - -4). Suppose -4*p = -2*g - 2*p + 2, f*p + 3 = 3*g. What is the units digit of (-12)/(-3) + g + 3?
8
Suppose -3*c - 2*f + 368 + 111 = 0, 4*c + 5*f = 634. What is the tens digit of c?
6
Let j = 241 - 18. Suppose -5*o + j = -2*w, 5*w = 2*o + 48 - 133. What is the tens digit of o?
4
Let q = 752 - -580. What is the tens digit of q?
3
Let a(v) = 2*v**2 + 6*v - 28. What is the tens digit of a(7)?
1
Let m = 13 - 7. Let n be (10/(-4))/(4/(-8)). Suppose n*y - m + 1 = 0. What is the units digit of y?
1
Let l(j) = -2*j + 10. Let o be l(4). Let x be 53*(4 - o - 3). Let p = x + 74. What is the units digit of p?
1
Let i(a) = a**2 - 6*a - 5. Let h be i(7). Suppose p + 2*p - n = 347, -3*n - 121 = -p. Suppose -h*j + 7 = s - 5*j, -5*s - j = -p. What is the tens digit of s?
2
Let r(n) = 6*n**3 + 3*n**2 - 3*n - 13. Let b(p) = -5*p**3 - 4*p**2 + 2*p + 13. Let c(o) = -5*b(o) - 4*r(o). What is the tens digit of c(-6)?
4
Let v(y) be the third derivative of -y**6/120 + y**5/5 - y**4/3 - 3*y**3 - 23*y**2. What is the tens digit of v(11)?
1
Suppose -2*c = -3*z + 12, -4*z + 0*z = -c + 4. Let m be (c/10)/3*30. What is the units digit of -3*4/m*2?
2
Suppose -33335 = -21*s + 2827. What is the tens digit of s?
2
Suppose 19 + 18 = 3*r + 4*w, 8 = r - 3*w. Let x(l) be the third derivative of -l**5/60 + 13*l**4/24 + l**3/3 - 18*l**2. What is the tens digit of x(r)?
2
Let k(u) = 22*u**2 + 2*u. Let l be k(-7). What is the tens digit of 2/(-5) + 9/(90/l)?
0
Let q(g) = 6*g**2 - 67*g + 9. What is the units digit of q(18)?
7
Let g(w) = -4*w**2 + w + 5. Let v be g(4). Let o be (-2277)/v - (-3)/5. Suppose -2*d + 22 = a + 4, 0 = 4*d - a - o. What is the tens digit of d?
1
Suppose -4*b + 151 = -j + 851, 2*j = 5*b + 1412. What is the hundreds digit of j?
7
What is the thousands digit of (-4)/(-8) + 20085/10?
2
Suppose 0 = -2*w - w + 6. Suppose -1 = -q - 2, q = -w*b + 61. What is the units digit of b?
1
Let o = 1 - -3. Suppose 0 = o*f - 7*f + 345. Suppose -f = 2*x - 7*x. What is the tens digit of x?
2
Let y(q) = 10*q**2 + 9*q - 45. What is the units digit of y(5)?
0
Let x be (-4 + 14 + 3)/(1/40). Let m = x - 369. What is the tens digit of m?
5
Let i(r) = -r**2 + 11*r - 12. Let g be i(13). Let f = 79 - g. Let o = f + -51. What is the tens digit of o?
6
Let w be ((-2)/6 - (-32)/6)*6. Suppose -o + 16 = -r - r, -5*o - r + 47 = 0. Let v = w - o. What is the tens digit of v?
2
Suppose 3*b - 5*p - 608 = 0, 134 + 911 = 5*b - 2*p. Suppose 3*s - b = -4*z, -5*s + z + z = -369. What is the tens digit of s?
7
Let v(j) = j**2 + 5*j. Suppose -d - 4 - 7 = 0. Let o = -19 - d. What is the tens digit of v(o)?
2
Let x be 0 + 3 + 3 + -1. Suppose -x*d + 0 = -15. Suppose 5*a = 4*c + 109, d*c = 2*c - 1. What is the tens digit of a?
2
Let f be 12/18*(1 - (-478)/2). Let d = -83 + f. What is the units digit of d?
7
Let y(b) be the first derivative of 5*b**2/2 - 2*b - 5. Let i be (-15)/(-25) - (-34)/10. What is the tens digit of y(i)?
1
Suppose -14*i + 2026 = -2118. What is the tens digit of i?
9
What is the units digit of (-4)/6 - 6/(144/(-11944))?
7
Let d = 475 - 51. What is the units digit of d?
4
Let t = 773 - 457. What is the units digit of t?
6
Let s be (2 - 0)*(-1)/(-1). Suppose -421 + 175 = -2*z - 4*j, s*z - 201 = 5*j. What is the units digit of z?
3
Suppose 3*n - 10 = -7. What is the tens digit of 0 + 0 + n + (-10 - -144)?
3
Suppose -m = 2*t - 2*m, -3*t + 18 = 3*m. Let d be (-72)/4*7/3. Let y = t - d. What is the tens digit of y?
4
Suppose -340 = -7*n + 2*n. Suppose -2*r = 3*r - 2*o - 40, 5*o = 0. What is the units digit of n/r*(-2 + 8)?
1
Let p(t) = -79*t + 100. What is the hundreds digit of p(-7)?
6
Let q = 1940 - 1194. What is the hundreds digit of q?
7
Let f = 1327 - 464. What is the tens digit of f?
6
What is the hundreds digit of 4512/72*(-6)/5*-10?
7
Suppose -4*d = -5*p - 59, 0 = 2*d - 0*d - 4*p - 34. Let o(b) = -b**3 - 6*b**2 + 7. Let r be o(-6). Suppose 0 = -d*i + r*i + 100. What is the units digit of i?
5
Let v = -174 - -179. Suppose 0 = -2*j + 4*j. Suppose -v*h = -j*h - 230. What is the units digit of h?
6
What is the hundreds digit of 0 + 4540/8 - 13/(-26)?
5
Let k(a) = -a**3 + 11*a**2 - 15*a + 4. Let f = 16 + -10. What is the units digit of k(f)?
4
Suppose 3*y - 3*s = 42, -y = 5*s + 15 - 59. Suppose -1664 = -27*p + y*p. What is the hundreds digit of p?
2
Suppose 4*w - 877 = -t, 34*t = 39*t + 4*w - 4305. What is the units digit of t?
7
Let f be (-1)/(-5) - 28/(-10) - -59. Let h = f - -26. What is the tens digit of h?
8
Let h(f) = 3*f**2 + 12*f + 2. Let r = -27 + 21. What is the units digit of h(r)?
8
Let k be 357/28 - 2/(-8). Let i = k - 11. Let u(q) = 7*q**3 - 2*q**2 - 2*q + 2. What is the units digit of u(i)?
6
Let h(j) = 5*j + 2. Let o(g) = -g. Let a(l) = 2*h(l) + 4*o(l). Let p be a(2). Suppose p*z - 15*z - 23 = 0. What is the units digit of z?
3
Let f(h) = -11*h**2 + 29*h - 79. Let n(o) = -5*o**2 + 15*o - 39. Let q(b) = 2*f(